ase 5?
0
What is 1 (base 4) in base 14?
1
-3 (base 12) to base 14
-3
-2 (base 10) to base 7
-2
31 (base 4) to base 16
d
What is -2400 (base 5) in base 12?
-252
Convert 23 (base 4) to base 11.
10
-4 (base 12) to base 7
-4
Convert 5 (base 9) to base 10.
5
What is 3 (base 8) in base 16?
3
What is -2e (base 15) in base 10?
-44
Convert -14 (base 10) to base 13.
-11
What is 11101101 (base 2) in base 11?
1a6
162 (base 12) to base 6
1002
What is 23 (base 5) in base 13?
10
What is 24 (base 7) in base 3?
200
What is 97 (base 15) in base 14?
a2
What is 33 (base 7) in base 14?
1a
0 (base 12) to base 6
0
0 (base 14) to base 9
0
Convert 20 (base 4) to base 6.
12
What is 3 (base 14) in base 5?
3
What is -10 (base 3) in base 14?
-3
What is 2 (base 9) in base 8?
2
-13 (base 5) to base 14
-8
Convert 1 (base 6) to base 3.
1
Convert 3 (base 9) to base 15.
3
What is -2 (base 3) in base 12?
-2
What is -2 (base 4) in base 5?
-2
3 (base 14) to base 16
3
Convert 0 (base 15) to base 3.
0
Convert 26 (base 9) to base 14.
1a
Convert 303 (base 4) to base 6.
123
What is -20 (base 6) in base 2?
-1100
Convert 1 (base 3) to base 13.
1
What is 11 (base 2) in base 9?
3
Convert -16 (base 15) to base 16.
-15
Convert 10 (base 13) to base 16.
d
Convert 12 (base 8) to base 12.
a
Convert -5 (base 13) to base 9.
-5
12 (base 11) to base 16
d
-8 (base 15) to base 7
-11
Convert -4 (base 14) to base 2.
-100
Convert 1100 (base 4) to base 6.
212
Convert 3 (base 12) to base 13.
3
What is 11 (base 4) in base 13?
5
Convert 10 (base 4) to base 5.
4
-41 (base 12) to base 10
-49
Convert 199 (base 12) to base 8.
405
What is -1011 (base 2) in base 11?
-10
Convert 5 (base 7) to base 8.
5
-2b (base 13) to base 2
-100101
12 (base 11) to base 7
16
What is 11 (base 8) in base 5?
14
-2 (base 3) to base 5
-2
-12 (base 8) to base 10
-10
What is 8 (base 13) in base 8?
10
Convert -1 (base 14) to base 6.
-1
Convert 21 (base 13) to base 5.
102
-101 (base 9) to base 11
-75
2 (base 5) to base 12
2
What is 54 (base 6) in base 10?
34
Convert 1 (base 6) to base 14.
1
Convert 7 (base 14) to base 5.
12
What is 1121 (base 3) in base 4?
223
2 (base 3) to base 11
2
-323 (base 4) to base 3
-2012
43 (base 6) to base 13
21
Convert -12 (base 12) to base 15.
-e
71 (base 11) to base 7
141
-1 (base 12) to base 14
-1
What is 1001 (base 2) in base 13?
9
Convert -7 (base 11) to base 3.
-21
-a (base 12) to base 14
-a
36 (base 11) to base 13
30
Convert 10 (base 9) to base 10.
9
What is -12 (base 14) in base 16?
-10
What is -1000100 (base 2) in base 5?
-233
-13 (base 7) to base 9
-11
Convert -1003 (base 4) to base 8.
-103
Convert -1 (base 2) to base 8.
-1
What is -10 (base 16) in base 4?
-100
What is 10 (base 4) in base 5?
4
Convert 1 (base 16) to base 11.
1
Convert 2 (base 10) to base 14.
2
What is -1 (base 8) in base 7?
-1
What is -6c (base 16) in base 13?
-84
161 (base 9) to base 3
12001
0 (base 8) to base 7
0
1101100 (base 2) to base 3
11000
-b (base 12) to base 3
-102
Convert 68 (base 10) to base 5.
233
Convert -45 (base 13) to base 10.
-57
-1102 (base 4) to base 9
-101
What is 22 (base 7) in base 8?
20
Convert -100100 (base 2) to base 8.
-44
Convert c6 (base 13) to base 3.
20000
64 (base 8) to base 14
3a
Convert -107 (base 15) to base 3.
-22121
What is -3 (base 7) in base 11?
-3
Convert 0 (base 5) to base 8.
0
Convert -100 (base 3) to base 10.
-9
Convert 65 (base 10) to base 6.
145
What is -20 (base 9) in base 8?
-22
Convert -11 (base 4) to base 2.
-101
What is 10 (base 7) in base 6?
11
What is -15 (base 15) in base 8?
-24
What is -146 (base 12) in base 16?
-c6
6 (base 12) to base 4
12
3 (base 16) to base 6
3
201 (base 5) to base 8
63
-13 (base 8) to base 2
-1011
-1 (base 15) to base 16
-1
What is 10011111 (base 2) in base 15?
a9
-13 (base 12) to base 4
-33
Convert -1 (base 5) to base 11.
-1
What is 0 (base 16) in base 14?
0
Convert 10122 (base 3) to base 10.
98
What is 0 (base 2) in base 5?
0
What is 100 (base 7) in base 14?
37
What is 101 (base 2) in base 4?
11
Convert -d (base 16) to base 11.
-12
What is -4 (base 7) in base 12?
-4
Convert -17 (base 16) to base 15.
-18
Convert 2 (base 11) to base 6.
2
1011 (base 2) to base 12
b
Convert 1042 (base 6) to base 11.
200
Convert 7 (base 10) to base 4.
13
-23 (base 7) to base 11
-16
94 (base 10) to base 12
7a
1 (base 3) to base 2
1
What is 81 (base 15) in base 3?
11111
Convert 93 (base 12) to base 14.
7d
40 (base 12) to base 8
60
-1 (base 8) to base 15
-1
-52 (base 12) to base 3
-2022
1 (base 10) to base 14
1
-150 (base 11) to base 14
-c8
What is -3130 (base 4) in base 12?
-164
What is -34 (base 12) in base 3?
-1111
Convert 0 (base 6) to base 13.
0
What is -10 (base 12) in base 6?
-20
Convert b0 (base 13) to base 16.
8f
Convert -100 (base 11) to base 12.
-a1
-135 (base 14) to base 2
-11110011
What is 2 (base 10) in base 15?
2
0 (base 7) to base 2
0
-111 (base 8) to base 14
-53
What is -1001 (base 3) in base 15?
-1d
Convert 12 (base 4) to base 5.
11
Convert -200 (base 3) to base 4.
-102
Convert -5 (base 8) to base 2.
-101
Convert 146 (base 15) to base 5.
2131
2 (base 9) to base 2
10
What is 101000010 (base 2) in base 13?
1ba
What is 6 (base 14) in base 9?
6
What is -6 (base 8) in base 11?
-6
What is 19 (base 12) in base 13?
18
c (base 16) to base 9
13
-2 (base 12) to base 15
-2
Convert -5 (base 14) to base 8.
-5
9 (base 13) to base 9
10
24 (base 8) to base 13
17
-7 (base 11) to base 13
-7
Convert -24 (base 6) to base 3.
-121
Convert 1 (base 5) to base 9.
1
What is -14 (base 7) in base 15?
-b
Convert -150 (base 8) to base 11.
-95
Convert 6 (base 15) to base 6.
10
What is 35 (base 15) in base 5?
200
What is 104 (base 11) in base 6?
325
Convert 1 (base 16) to base 2.
1
Convert -5 (base 14) to base 11.
-5
What is 25 (base 11) in base 16?
1b
Convert -506 (base 7) to base 5.
-2001
-2a (base 11) to base 4
-200
2004 (base 5) to base 9
312
What is -202 (base 4) in base 7?
-46
What is 2 (base 9) in base 7?
2
Convert -1000000 (base 2) to base 12.
-54
What is 42 (base 6) in base 11?
24
What is 11 (base 12) in base 8?
15
70 (base 15) to base 7
210
62 (base 12) to base 7
134
What is -8 (base 9) in base 4?
-20
Convert -21 (base 7) to base 4.
-33
Convert 52 (base 13) to base 16.
43
What is 1101000 (base 2) in base 9?
125
Convert 15 (base 13) to base 16.
12
Convert -27 (base 9) to base 11.
-23
What is 3 (base 15) in base 16?
3
1016 (base 7) to base 6
1352
What is -17 (base 16) in base 13?
-1a
What is 20 (base 6) in base 10?
12
What is 0 (base 8) in base 4?
0
-41 (base 5) to base 8
-25
Convert -2 (base 4) to base 8.
-2
Convert -100111 (base 2) to base 8.
-47
Convert -2b (base 13) to base 8.
-45
-2 (base 11) to base 2
-10
Convert -40 (base 11) to base 5.
-134
-11 (base 8) to base 16
-9
Convert 164 (base 15) to base 12.
227
-134 (base 7) to base 15
-4e
Convert -6 (base 8) to base 4.
-12
What is 94 (base 11) in base 6?
251
Convert 2e (base 15) to base 8.
54
What is 58 (base 13) in base 2?
1001001
What is -36 (base 14) in base 13?
-39
41 (base 9) to base 16
25
Convert -12 (base 8) to base 13.
-a
111000 (base 2) to base 15
3b
Convert -4a (base 16) to base 11.
-68
What is 30 (base 16) in base 3?
1210
370 (base 9) to base 4
10302
Convert c (base 14) to base 6.
20
-7 (base 10) to base 4
-13
What is -1 (base 3) in base 11?
-1
Convert 1131 (base 5) to base 10.
166
What is -3 (base 16) in base 10?
-3
Convert -125 (base 11) to base 7.
-301
What is 100 (base 6) in base 5?
121
Convert 11 (base 4) to base 12.
5
What is -b1 (base 13) in base 15?
-99
-2 (base 5) to base 10
-2
What is -200 (base 5) in base 11?
-46
Convert -2 (base 13) to base 9.
-2
-68 (base 14) to base 12
-78
What is 7 (base 8) in base 14?
7
What is 25 (base 6) in base 8?
21
What is -3 (base 6) in base 2?
-11
Convert -3 (base 7) to base 11.
-3
What is 310 (base 8) in base 2?
11001000
Convert 35 (base 7) to base 6.
42
What is -3 (base 16) in base 2?
-11
1 (base 12) to base 11
1
-10 (base 4) to base 16
-4
What is 12 (base 7) in base 5?
14
What is 116 (base 14) in base 5?
1331
What is 101 (base 2) in base 14?
5
6 (base 12) to base 4
12
Convert 11111 (base 2) to base 15.
21
Convert -28 (base 14) to base 4.
-210
What is -223 (base 4) in base 10?
-43
Convert 3 (base 16) to base 15.
3
What is a2 (base 15) in base 16?
98
What is -1a (base 11) in base 7?
